 factor of r and t.
11
Let s(r) = -r**2 + 5*r. Let g be s(4). Let l be g + 4*-2 + 12. Calculate the greatest common divisor of l and 72.
8
Suppose -t + 1 = -x + 2, -x + 3*t - 9 = 0. What is the greatest common factor of 18 and x?
6
Suppose 0*a + a + o - 39 = 0, 5*a - 4*o = 186. Calculate the highest common factor of a and 19.
19
Let g = 10 + -7. Suppose 3*c - 4*i = 2*c + 60, 0 = -5*c - g*i + 185. Suppose x + 32 = 3*x. What is the greatest common divisor of x and c?
8
Let q = 75 - -175. Suppose q = 8*i - 3*i. Calculate the greatest common factor of i and 10.
10
Suppose 5*a - 27 = w, -3*w + 5*w + 4*a + 12 = 0. Let d be 30/(-4)*w/5. Calculate the highest common divisor of 27 and d.
9
Let d be (0*2/2)/(-3). Suppose m + d*m - 3 = 0. Let o(w) = w**3 - 4*w**2 + 4*w - 2. Let p be o(m). Calculate the greatest common divisor of p and 1.
1
Suppose 3*n - 7*n = -32. Calculate the greatest common divisor of n and 16.
8
Suppose -4 = 2*x - 0, 24 = 2*r - 4*x. What is the highest common factor of 12 and r?
4
Let n(r) = 3*r**3 - r**2 + r. Suppose f + 3*f - 4 = 0. Let o be n(f). Suppose o*q - 6*q + 114 = 0. What is the highest common factor of q and 95?
19
Let q(r) = 3*r. Let v be q(1). Suppose -5*z = 5*j - 35, v*z - 5*j = -0*z - 19. Let x be z + (10 - (-2 + 4)). Calculate the greatest common divisor of 40 and x.
10
Let f be (-1)/(18/(-16) - -1). Calculate the highest common divisor of 56 and f.
8
Let q = -3 + 6. Suppose -q*o + 3*v = -21, 3*v = o + 8*v - 13. Calculate the highest common factor of 1 and o.
1
Suppose f = -0*f + 22. Calculate the greatest common divisor of f and 11.
11
Let y(g) = 5*g**2 - 2*g + 3. Let t be y(-4). Suppose -4*q + 101 = -t. What is the highest common divisor of q and 16?
16
Suppose l + 134 - 414 = 2*m, 0 = -5*l + 5*m + 1400. Suppose 2*o + 2*o = a - 15, -3*o - 20 = -a. What is the greatest common divisor of a and l?
35
Suppose -4*l - 168 = 4*q - 8*q, -5*l - 120 = -3*q. What is the greatest common divisor of q and 5?
5
Suppose 0 = 4*a - 52. Let z = a + 0. What is the greatest common divisor of 143 and z?
13
Let q be (-4)/(-14) + 57/21. Let h = 21 + -30. Let s(n) = n**3 + 8*n**2 - 12*n + 6. Let k be s(h). Calculate the greatest common divisor of q and k.
3
Suppose -5*o - 5*t - 14 = -4, t + 4 = 0. Let b be -1 + o - (1 - 15). Let p(y) = -y**2 + 5*y + 6. Let q be p(5). What is the greatest common factor of q and b?
3
Let s(d) = d**3 - d**2 - 7*d + 1. Let i be s(5). Let r be (-12)/(123/i - 2). What is the highest common factor of 8 and r?
8
Let p(l) = -l**3 + 6*l**2 - 2*l + 3. Let b be p(6). Let t be (-642)/b - 4/(-6). Calculate the highest common divisor of t and 8.
8
Suppose 2*d - 1 - 1 = 0. Let f be ((-8)/(-5))/(d/85). What is the greatest common divisor of f and 17?
17
Suppose 12 = 3*d - 45. What is the highest common divisor of d and 76?
19
Let y be (-4 - -2) + (-21)/(-3). Let l(w) = 4*w**2 - 4*w + 3. Let j be l(2). Let r = j + -6. What is the highest common divisor of y and r?
5
Let g = 25 + -20. Calculate the greatest common factor of g and 40.
5
Suppose -3*q - a = -0*a - 291, -187 = -2*q - 3*a. What is the highest common factor of 14 and q?
14
Suppose v = -h - 2*h + 6, 2*h - 15 = 3*v. Calculate the highest common divisor of h and 3.
3
Let r = -2 + 1. Suppose 4*n = 7 + 9. Let y = n + r. Calculate the highest common divisor of 12 and y.
3
Suppose -5*i + 55 = -0*i. Let w = 15 - i. Calculate the greatest common factor of w and 10.
2
Let v be (-1018)/(-6) + 3/9. Let z be (4*-2)/(4/50). Let r = z + v. Calculate the highest common factor of r and 14.
14
Let c(u) = 33*u**2 - 1. Let r be c(1). Suppose -3*f + 7*f = r. Suppose 57 = 4*b - 7. Calculate the greatest common divisor of b and f.
8
Let u be (-24)/(-1 + (-6)/(-8)). Let t(f) = -11*f + 1. Let m be t(-1). What is the highest common divisor of u and m?
12
Let d(f) = -f**2 + 9*f + 7. Suppose 9 = -0*t + t. Let b be d(t). Calculate the greatest common factor of 1 and b.
1
Suppose 0 = -2*d - 5*k + 2 + 3, -5*k = 4*d - 25. Let w be (4/14)/(76/266). Calculate the highest common divisor of w and d.
1
Suppose 5*f = o + 10, -3*f - o + 0*o = -6. Suppose 0 = 5*c - 0*h + 5*h - 100, -62 = -4*c + f*h. What is the greatest common divisor of c and 17?
17
Suppose -8*s = 10*s - 1890. Calculate the highest common factor of 60 and s.
15
Let x = -8 - -9. Let c(r) = -r + 4. Let k be c(-4). Calculate the highest common factor of x and k.
1
Let w be -1*2 - (2 - 9). Let c = -25 + 26. What is the highest common factor of w and c?
1
Let p(o) = 2*o**3 - 6*o**2 + 1. Let f be p(4). Suppose k = -2*k + f. Calculate the greatest common factor of 1 and k.
1
Suppose 4*q + q - 105 = -3*d, 0 = -q - 4*d + 38. Calculate the greatest common divisor of 12 and q.
6
Let r be 4 + 0*3/(-9). Let t = -17 + 27. What is the highest common divisor of t and r?
2
Let x = 23 + -41. Let l be 0 + -2 - (x + 1). Let h be 8 + -2 - (0 - -1). Calculate the highest common factor of h and l.
5
Let n = 17 + -1. Calculate the greatest common divisor of n and 48.
16
Suppose -3*u + 5 + 34 = 0. Let v(f) = f**3 - 5*f**2 - 6*f + 9. Suppose -3*a - 7 = -4*a. Let h be v(a). Calculate the greatest common factor of h and u.
13
Let z(t) = -t**3 + 4*t**2 - 4*t + 3. Let m be 5/2 + (-1)/(-2). Let h be m*1/3 + 1. Let w be z(h). Calculate the greatest common factor of w and 1.
1
Suppose 0 = 2*o - 2*j - 2, -4*j = -5 + 1. What is the highest common divisor of o and 6?
2
Let y(w) = w**3 - 3*w**2 + 2*w + 1. Let u be y(2). Suppose -r + 3 + 1 = 0. Suppose 8 = -4*i, 26 = 4*m - r*i + i. What is the highest common divisor of m and u?
1
Let t be 2 - (3*34)/(-1). Suppose -24 = -2*j + m, -5*j + 2*m = m - 63. Calculate the highest common factor of j and t.
13
Suppose 468 = -0*u + 4*u. Let q be (5/2 + -2)*28. Suppose 13*l + 13 = q*l. What is the highest common divisor of l and u?
13
Suppose 5*k + 67 - 27 = 0. Let i be k/(2 + (-15)/6). Let m be -2 - (0 - 63) - -3. Calculate the greatest common divisor of m and i.
16
Suppose 5*n = 5*u, -18 = u - 4*u - 3*n. Let w be u/((-1)/8*-6). Let f be 3/(1/(-2 + w)). Calculate the greatest common divisor of 24 and f.
6
Let v be 7/14 + (-139)/(-2). What is the greatest common factor of 10 and v?
10
Let r(h) = 20*h. Let j be r(1). Suppose -6*f = -8*f + j. Calculate the highest common divisor of 4 and f.
2
Let v(h) = -h**3 + 3*h**2 + h + 7. Let q be v(3). What is the greatest common divisor of 2 and q?
2
Let d be (-5 + (13 - 2))*(-1 + 3). Calculate the greatest common factor of d and 6.
6
Let v = -52 + 75. Suppose -27 = -4*y + 17. Suppose 0 = -k + y + v. What is the greatest common divisor of k and 17?
17
Let f(g) = -g**3 + 6*g**2 - 4*g - 7. Let y be f(5). Let o = y - 4. Let b be 2/3 - 140/o. What is the greatest common divisor of 36 and b?
12
Let u be (-15 - -14)/((-1)/46). Let l = -29 + u. What is the highest common factor of l and 68?
17
Suppose 10 = -2*y + 4*y. Suppose k = -0*k. Suppose k*u - 40 = -u. What is the highest common factor of u and y?
5
Let k = 6 + -7. Let y be (-2 - -4)/(k/(-2)). Calculate the greatest common divisor of y and 10.
2
Suppose 0 = -20*t + 11*t + 648. What is the greatest common divisor of t and 9?
9
Let j = -586 - -838. What is the greatest common divisor of j and 36?
36
Suppose -3*y + y + 4 = 0, -4*y = 5*p - 263. Let w = -4 - -4. Suppose 7*u - 2*u - 170 = w. Calculate the highest common factor of u and p.
17
Suppose 2*g - 1 = 15. Suppose 0*s + 3*j = -s - 11, 0 = -3*s - 4*j - g. Suppose 4*c - 3*c - 2 = 0. What is the highest common divisor of s and c?
2
Let p(k) = 3*k + 4. Let i be p(5). Let g be (1/(-2))/((-4)/304). What is the greatest common factor of i and g?
19
Suppose -7*r + 203 = -679. What is the greatest common divisor of 18 and r?
18
Let j(k) = -k**2 + 5*k + 6. Let s be j(5). Let d = s - -8. Suppose -2*b = 2*b, -3*m = -4*b - 210. Calculate the highest common divisor of m and d.
14
Suppose -4*y - 5 = -29. Let v be (9/(-12))/(2/(-8)). Suppose -68 - 4 = -v*f. What is the greatest common divisor of f and y?
6
Let z(j) = j**3 + 12*j**2 - 16*j - 13. Let v be z(-13). Suppose v = h - 6. Calculate the highest common factor of 16 and h.
16
Let y be (-5)/2 - 7/14. Let w = y + 11. What is the greatest common divisor of w and 8?
8
Let s(b) = -255*b - 4. Let i be s(-2). What is the highest common divisor of i and 46?
46
